{"id":18,"date":"2016-03-20T13:24:32","date_gmt":"2016-03-20T13:24:32","guid":{"rendered":"http:\/\/www.studio-vidra.com\/svidra\/?page_id=18"},"modified":"2022-02-07T20:10:58","modified_gmt":"2022-02-07T20:10:58","slug":"panorame","status":"publish","type":"page","link":"https:\/\/www.studio-vidra.com\/svidra\/panorame\/","title":{"rendered":"360\u00b0 panorame i virtualne \u0161etnje"},"content":{"rendered":"\n<pre class=\"wp-block-preformatted\">&nbsp;<\/pre>\n\n\n\n<h5 class=\"wp-block-heading\" id=\"po-zelji-narucitelja-izradujemo-virtualne-panorame-sa-suvremenom-foto-tehnologijom-i-softwareom-koji-omogucuje-realizaciju-svih-vasih-zelja\"><strong>Po \u017eelji naru\u010ditelja izra\u0111ujemo virtualne panorame sa suvremenom foto tehnologijom i softwareom koji omogu\u0107uje realizaciju svih va\u0161ih \u017eelja.<\/strong><\/h5>\n\n\n\n<p><strong>Panorame se mogu kombinirati u virtualne \u0161etnje tako da se mo\u017ee obuhvatiti cjelokupan objekat ili neki vanjski prostor u jednu cjelinu kako bi posjetitelj stranice ima osje\u0107aj da se upravo nalazi u va\u0161em gradu , restoranu , apartmanu i sl.<\/strong><\/p>\n\n\n\n<p><strong>Unutar same panorame mogu\u0107e je inkorporirati video koji naj\u010de\u0161\u0107e slu\u017ei&nbsp; da bi vlasnik objekta ili netko od predstavnika, dobrodo\u0161licom do\u010deko posjetitelje te ih ukratko informirao o tome \u0161to \u0107e vidjeti ili \u0161to se nudi od sadr\u017eaja.Video je sastavni dio virtualne panorame i izra\u0111uje se na licu mjesta u \u017eeljenom prostoru.Sve panorame se mogu povremeno modificirati a za\u0161ti\u0107ene su licencom tako da ih nije mogu\u0107e bez odobrenja vlasnika preseliti na neku drugu web stranicu.<\/strong><\/p>\n\n\n\n<pre class=\"wp-block-preformatted\">&nbsp;<\/pre>\n","protected":false},"excerpt":{"rendered":"<p>&nbsp; Po \u017eelji naru\u010ditelja izra\u0111ujemo virtualne panorame sa suvremenom foto tehnologijom i softwareom koji omogu\u0107uje realizaciju svih va\u0161ih \u017eelja. Panorame se mogu kombinirati u virtualne \u0161etnje tako da se mo\u017ee obuhvatiti cjelokupan objekat ili neki vanjski prostor u jednu cjelinu kako bi posjetitelj stranice ima osje\u0107aj da se upravo nalazi u va\u0161em gradu , restoranu [&hellip;]<\/p>\n","protected":false},"author":1,"featured_media":77,"parent":0,"menu_order":2,"comment_status":"closed","ping_status":"closed","template":"","meta":{"footnotes":""},"_links":{"self":[{"href":"https:\/\/www.studio-vidra.com\/svidra\/wp-json\/wp\/v2\/pages\/18"}],"collection":[{"href":"https:\/\/www.studio-vidra.com\/svidra\/wp-json\/wp\/v2\/pages"}],"about":[{"href":"https:\/\/www.studio-vidra.com\/svidra\/wp-json\/wp\/v2\/types\/page"}],"author":[{"embeddable":true,"href":"https:\/\/www.studio-vidra.com\/svidra\/wp-json\/wp\/v2\/users\/1"}],"replies":[{"embeddable":true,"href":"https:\/\/www.studio-vidra.com\/svidra\/wp-json\/wp\/v2\/comments?post=18"}],"version-history":[{"count":4,"href":"https:\/\/www.studio-vidra.com\/svidra\/wp-json\/wp\/v2\/pages\/18\/revisions"}],"predecessor-version":[{"id":523,"href":"https:\/\/www.studio-vidra.com\/svidra\/wp-json\/wp\/v2\/pages\/18\/revisions\/523"}],"wp:featuredmedia":[{"embeddable":true,"href":"https:\/\/www.studio-vidra.com\/svidra\/wp-json\/wp\/v2\/media\/77"}],"wp:attachment":[{"href":"https:\/\/www.studio-vidra.com\/svidra\/wp-json\/wp\/v2\/media?parent=18"}],"curies":[{"name":"wp","href":"https:\/\/api.w.org\/{rel}","templated":true}]}}

360° panorame i virtualne šetnje

<pre class="wp-block-preformatted">&nbsp;</pre>



<h5 class="wp-block-heading" id="po-zelji-narucitelja-izradujemo-virtualne-panorame-sa-suvremenom-foto-tehnologijom-i-softwareom-koji-omogucuje-realizaciju-svih-vasih-zelja"><strong>Po želji naručitelja izrađujemo virtualne panorame sa suvremenom foto tehnologijom i softwareom koji omogućuje realizaciju svih vaših želja.</strong></h5>



<p><strong>Panorame se mogu kombinirati u virtualne šetnje tako da se može obuhvatiti cjelokupan objekat ili neki vanjski prostor u jednu cjelinu kako bi posjetitelj stranice ima osjećaj da se upravo nalazi u vašem gradu , restoranu , apartmanu i sl.</strong></p>



<p><strong>Unutar same panorame moguće je inkorporirati video koji najčešće služi&nbsp; da bi vlasnik objekta ili netko od predstavnika, dobrodošlicom dočeko posjetitelje te ih ukratko informirao o tome što će vidjeti ili što se nudi od sadržaja.Video je sastavni dio virtualne panorame i izrađuje se na licu mjesta u željenom prostoru.Sve panorame se mogu povremeno modificirati a zaštićene su licencom tako da ih nije moguće bez odobrenja vlasnika preseliti na neku drugu web stranicu.</strong></p>



<pre class="wp-block-preformatted">&nbsp;</pre>

<p>&nbsp; Po želji naručitelja izrađujemo virtualne panorame sa suvremenom foto tehnologijom i softwareom koji omogućuje realizaciju svih vaših želja. Panorame se mogu kombinirati u virtualne šetnje tako da se može obuhvatiti cjelokupan objekat ili neki vanjski prostor u jednu cjelinu kako bi posjetitelj stranice ima osjećaj da se upravo nalazi u vašem gradu , restoranu [&hellip;]</p>
